{"id":1363,"date":"2024-07-07T16:27:12","date_gmt":"2024-07-07T20:27:12","guid":{"rendered":"https:\/\/tusecretoshop.com\/?post_type=product&#038;p=1363"},"modified":"2025-01-06T15:52:02","modified_gmt":"2025-01-06T19:52:02","slug":"arnes-con-dildo-hueco-con-vibracion-the-extender-plus","status":"publish","type":"product","link":"https:\/\/tusecretoshop.com\/index.php\/producto\/arnes-con-dildo-hueco-con-vibracion-the-extender-plus\/","title":{"rendered":"Arn\u00e9s con Dildo Hueco con Vibraci\u00f3n The Extender Plus"},"content":{"rendered":"","protected":false},"excerpt":{"rendered":"<p>Caracter\u00edsticas:<\/p>\n<ul>\n<li>Arn\u00e9s ajustable<\/li>\n<li>Dildo hueco 20 cm de largo y 4 cm de grosor<\/li>\n<li>Vibraci\u00f3n regulable<\/li>\n<li>Funciona con 2 bater\u00edas AA<\/li>\n<\/ul>\n","protected":false},"featured_media":1364,"comment_status":"closed","ping_status":"closed","template":"","meta":[],"product_brand":[],"product_cat":[30],"product_tag":[],"class_list":{"0":"post-1363","1":"product","2":"type-product","3":"status-publish","4":"has-post-thumbnail","6":"product_cat-vibradores","8":"first","9":"outofstock","10":"shipping-taxable","11":"purchasable","12":"product-type-simple"},"_links":{"self":[{"href":"https:\/\/tusecretoshop.com\/index.php\/wp-json\/wp\/v2\/product\/1363","targetHints":{"allow":["GET"]}}],"collection":[{"href":"https:\/\/tusecretoshop.com\/index.php\/wp-json\/wp\/v2\/product"}],"about":[{"href":"https:\/\/tusecretoshop.com\/index.php\/wp-json\/wp\/v2\/types\/product"}],"replies":[{"embeddable":true,"href":"https:\/\/tusecretoshop.com\/index.php\/wp-json\/wp\/v2\/comments?post=1363"}],"wp:featuredmedia":[{"embeddable":true,"href":"https:\/\/tusecretoshop.com\/index.php\/wp-json\/wp\/v2\/media\/1364"}],"wp:attachment":[{"href":"https:\/\/tusecretoshop.com\/index.php\/wp-json\/wp\/v2\/media?parent=1363"}],"wp:term":[{"taxonomy":"product_brand","embeddable":true,"href":"https:\/\/tusecretoshop.com\/index.php\/wp-json\/wp\/v2\/product_brand?post=1363"},{"taxonomy":"product_cat","embeddable":true,"href":"https:\/\/tusecretoshop.com\/index.php\/wp-json\/wp\/v2\/product_cat?post=1363"},{"taxonomy":"product_tag","embeddable":true,"href":"https:\/\/tusecretoshop.com\/index.php\/wp-json\/wp\/v2\/product_tag?post=1363"}],"curies":[{"name":"wp","href":"https:\/\/api.w.org\/{rel}","templated":true}]}}