{"id":2601,"date":"2025-01-29T16:10:32","date_gmt":"2025-01-29T20:10:32","guid":{"rendered":"https:\/\/tusecretoshop.com\/?post_type=product&#038;p=2601"},"modified":"2026-03-18T11:32:47","modified_gmt":"2026-03-18T15:32:47","slug":"succionador-de-clitoris-controlado-por-app-svakom-pulse-union","status":"publish","type":"product","link":"https:\/\/tusecretoshop.com\/index.php\/producto\/succionador-de-clitoris-controlado-por-app-svakom-pulse-union\/","title":{"rendered":"Succionador de Cl\u00edtoris Controlado por App Svakom Pulse Union"},"content":{"rendered":"<h2 data-start=\"44\" data-end=\"126\">\ud83c\udf0a Pulse Union: tu succionador inteligente para placeres profundos y conectados<\/h2>\n<p data-start=\"128\" data-end=\"165\"><span class=\"relative -mx-px my-[-0.2rem] rounded px-px py-[0.2rem] transition-colors duration-100 ease-in-out\">Sum\u00e9rgete en una experiencia \u00fanica con <strong data-start=\"39\" data-end=\"54\">Pulse Union<\/strong> de Svakom, un succionador de cl\u00edtoris dise\u00f1ado para ofrecer sensaciones profundas y control total, est\u00e9s donde est\u00e9s. Su tecnolog\u00eda de impulsos, dise\u00f1o ergon\u00f3mico y conectividad completa te llevar\u00e1n a otro nivel de placer.<\/span><\/p>\n<h3 data-start=\"167\" data-end=\"210\">\ud83d\udca5 Beneficios sensoriales y emocionales<\/h3>\n<ul data-start=\"211\" data-end=\"526\">\n<li data-start=\"211\" data-end=\"289\">\n<p data-start=\"213\" data-end=\"289\"><span class=\"relative -mx-px my-[-0.2rem] rounded px-px py-[0.2rem] transition-colors duration-100 ease-in-out\"><strong data-start=\"0\" data-end=\"31\" data-is-only-node=\"\">Succi\u00f3n profunda y r\u00edtmica:<\/strong> tecnolog\u00eda Pulse\u2122 combina impulsos intensos y sostenidos para una estimulaci\u00f3n envolvente<\/span><\/p>\n<\/li>\n<li data-start=\"290\" data-end=\"368\">\n<p data-start=\"292\" data-end=\"368\"><span class=\"relative -mx-px my-[-0.2rem] rounded px-px py-[0.2rem] transition-colors duration-100 ease-in-out\"><strong data-start=\"0\" data-end=\"31\" data-is-only-node=\"\">Dise\u00f1o ergon\u00f3mico y t\u00e1ctil:<\/strong> su forma compacta y su superficie de silicona m\u00e9dica + ABS brindan suavidad, comodidad y un agarre perfecto<\/span><\/p>\n<\/li>\n<li data-start=\"369\" data-end=\"447\">\n<p data-start=\"371\" data-end=\"447\"><span class=\"relative -mx-px my-[-0.2rem] rounded px-px py-[0.2rem] transition-colors duration-100 ease-in-out\"><strong data-start=\"0\" data-end=\"40\" data-is-only-node=\"\">Indicador LED y memoria inteligente:<\/strong> identifica f\u00e1cilmente los modos y recupera r\u00e1pidamente tu configuraci\u00f3n favorita<\/span><\/p>\n<\/li>\n<li data-start=\"448\" data-end=\"526\">\n<p data-start=\"450\" data-end=\"526\"><span class=\"relative -mx-px my-[-0.2rem] rounded px-px py-[0.2rem] transition-colors duration-100 ease-in-out\"><strong data-start=\"0\" data-end=\"40\" data-is-only-node=\"\">Bloqueo de viaje y bater\u00eda duradera:<\/strong> seguridad y discreci\u00f3n para llevarlo donde quieras, con hasta 4\u202fh de autonom\u00eda y recarga magn\u00e9tica USB<\/span><\/p>\n<\/li>\n<\/ul>\n<hr data-start=\"528\" data-end=\"531\" \/>\n<h3 data-start=\"533\" data-end=\"583\">\ud83d\udcf1 Funciones por app (autom\u00e1ticas y adaptadas)<\/h3>\n<ul data-start=\"585\" data-end=\"961\">\n<li data-start=\"585\" data-end=\"626\">\n<p data-start=\"587\" data-end=\"626\"><span class=\"relative -mx-px my-[-0.2rem] rounded px-px py-[0.2rem] transition-colors duration-100 ease-in-out\"><strong data-start=\"0\" data-end=\"27\" data-is-only-node=\"\">Conexi\u00f3n v\u00eda Bluetooth:<\/strong> sincronizaci\u00f3n r\u00e1pida y segura con tu smartphone.<\/span><\/p>\n<\/li>\n<li data-start=\"627\" data-end=\"668\">\n<p data-start=\"629\" data-end=\"668\"><span class=\"relative -mx-px my-[-0.2rem] rounded px-px py-[0.2rem] transition-colors duration-100 ease-in-out\"><strong data-start=\"0\" data-end=\"35\" data-is-only-node=\"\">Control por panel t\u00e1ctil libre:<\/strong> dibuja formas y controla ritmos deslizando el dedo sobre la pantalla, sin botones confinados.<\/span><\/p>\n<\/li>\n<li data-start=\"669\" data-end=\"710\">\n<p data-start=\"671\" data-end=\"710\"><span class=\"relative -mx-px my-[-0.2rem] rounded px-px py-[0.2rem] transition-colors duration-100 ease-in-out\"><strong data-start=\"0\" data-end=\"25\" data-is-only-node=\"\">Patrones programados:<\/strong> acceso a 5 modos de succi\u00f3n con m\u00faltiples niveles de intensidad preestablecidos.<\/span><\/p>\n<\/li>\n<li data-start=\"711\" data-end=\"752\">\n<p data-start=\"713\" data-end=\"752\"><span class=\"relative -mx-px my-[-0.2rem] rounded px-px py-[0.2rem] transition-colors duration-100 ease-in-out\"><strong data-start=\"0\" data-end=\"33\" data-is-only-node=\"\">Creaci\u00f3n de patrones propios:<\/strong> dise\u00f1a combinaciones personalizadas que respondan a tus sensaciones.<\/span><\/p>\n<\/li>\n<li data-start=\"753\" data-end=\"794\">\n<p data-start=\"755\" data-end=\"794\"><span class=\"relative -mx-px my-[-0.2rem] rounded px-px py-[0.2rem] transition-colors duration-100 ease-in-out\"><strong data-start=\"0\" data-end=\"30\" data-is-only-node=\"\">Sincronizaci\u00f3n con m\u00fasica:<\/strong> deja que Pulse Union vibre al comp\u00e1s de tu playlist favorita para una experiencia musical interactiva.<\/span><\/p>\n<\/li>\n<li data-start=\"795\" data-end=\"836\">\n<p data-start=\"797\" data-end=\"836\"><span class=\"relative -mx-px my-[-0.2rem] rounded px-px py-[0.2rem] transition-colors duration-100 ease-in-out\"><strong data-start=\"0\" data-end=\"40\" data-is-only-node=\"\">Sincronizaci\u00f3n con sonidos ambiente:<\/strong> responde a sonidos externos en tiempo real, intensificando el momento.<\/span><\/p>\n<\/li>\n<li data-start=\"837\" data-end=\"919\">\n<p data-start=\"839\" data-end=\"919\"><span class=\"relative -mx-px my-[-0.2rem] rounded px-px py-[0.2rem] transition-colors duration-100 ease-in-out\"><strong data-start=\"0\" data-end=\"32\" data-is-only-node=\"\">Control remoto para parejas:<\/strong> permite que tu pareja maneje el juguete desde cualquier lugar del mundo<\/span><\/p>\n<\/li>\n<li data-start=\"920\" data-end=\"961\">\n<p data-start=\"922\" data-end=\"961\"><span class=\"relative -mx-px my-[-0.2rem] rounded px-px py-[0.2rem] transition-colors duration-100 ease-in-out\"><strong data-start=\"0\" data-end=\"24\" data-is-only-node=\"\">Chat interno seguro:<\/strong> env\u00eda mensajes, fotos, videos o realiza videollamadas sin capturas de pantalla, manteniendo tu intimidad.<\/span><\/p>\n<\/li>\n<\/ul>\n<hr data-start=\"963\" data-end=\"966\" \/>\n<h3 data-start=\"968\" data-end=\"993\">\ud83d\udee0\ufe0f Detalles t\u00e9cnicos<\/h3>\n<ul data-start=\"994\" data-end=\"1408\">\n<li data-start=\"994\" data-end=\"1076\">\n<p data-start=\"996\" data-end=\"1076\"><span class=\"relative -mx-px my-[-0.2rem] rounded px-px py-[0.2rem] transition-colors duration-100 ease-in-out\"><strong data-start=\"0\" data-end=\"16\" data-is-only-node=\"\">Dimensiones:<\/strong> 12,2\u202f\u00d7\u202f7,3\u202f\u00d7\u202f4,0\u202fcm; peso: 115\u202fg<\/span><\/p>\n<\/li>\n<li data-start=\"1077\" data-end=\"1159\">\n<p data-start=\"1079\" data-end=\"1159\"><span class=\"relative -mx-px my-[-0.2rem] rounded px-px py-[0.2rem] transition-colors duration-100 ease-in-out\"><strong data-start=\"0\" data-end=\"23\" data-is-only-node=\"\">Materiales seguros:<\/strong> silicona grado m\u00e9dico + ABS con detalles cromados<\/span><\/p>\n<\/li>\n<li data-start=\"1160\" data-end=\"1242\">\n<p data-start=\"1162\" data-end=\"1242\"><span class=\"relative -mx-px my-[-0.2rem] rounded px-px py-[0.2rem] transition-colors duration-100 ease-in-out\"><strong data-start=\"0\" data-end=\"28\" data-is-only-node=\"\">5 modos \u00d7 5 intensidades<\/strong> configurables manualmente o por app<\/span><\/p>\n<\/li>\n<li data-start=\"1243\" data-end=\"1325\">\n<p data-start=\"1245\" data-end=\"1325\"><span class=\"relative -mx-px my-[-0.2rem] rounded px-px py-[0.2rem] transition-colors duration-100 ease-in-out\"><strong data-start=\"0\" data-end=\"38\" data-is-only-node=\"\">Recargable con bater\u00eda de 800\u202fmAh:<\/strong> carga magn\u00e9tica en 3\u202fh para hasta 4\u202fh de uso<\/span><\/p>\n<\/li>\n<li data-start=\"1326\" data-end=\"1408\">\n<p data-start=\"1328\" data-end=\"1408\"><span class=\"relative -mx-px my-[-0.2rem] rounded px-px py-[0.2rem] transition-colors duration-100 ease-in-out\"><strong data-start=\"0\" data-end=\"30\" data-is-only-node=\"\">Resistente al agua (IPX7):<\/strong> perfecto para momentos sensuales en la ducha o ba\u00f1era<\/span><\/p>\n<\/li>\n<\/ul>\n<hr data-start=\"1410\" data-end=\"1413\" \/>\n<h3 data-start=\"1415\" data-end=\"1438\">\ud83c\udfaf Ideal para mujeres que buscan una experiencia sofisticada y conectada, tanto en pareja como en solitario. Perfecto para quienes valoran tecnolog\u00eda, discreci\u00f3n y versatilidad en un solo dispositivo.<\/h3>\n<hr data-start=\"1638\" data-end=\"1641\" \/>\n<p data-start=\"1643\" data-end=\"1686\">\u2728 <strong data-start=\"1687\" data-end=\"1853\">\u201cCon\u00e9ctalo, desl\u00edzalo, sincron\u00edzalo\u2026 Pulse Union es el succionador que evoluciona contigo. Atr\u00e9vete a descubrir una conexi\u00f3n profunda, sin importar la distancia.\u201d<\/strong><\/p>\n","protected":false},"excerpt":{"rendered":"<p>Caracter\u00edsticas:<\/p>\n<ul>\n<li>Succionador de cl\u00edtoris controlado por app<\/li>\n<li>Recargable y resistente al agua<\/li>\n<li>Compatible con IOS y Android<\/li>\n<\/ul>\n","protected":false},"featured_media":2602,"comment_status":"closed","ping_status":"closed","template":"","meta":[],"product_brand":[],"product_cat":[27,41],"product_tag":[],"class_list":{"0":"post-2601","1":"product","2":"type-product","3":"status-publish","4":"has-post-thumbnail","6":"product_cat-inalambricos","7":"product_cat-succionadores","9":"first","10":"outofstock","11":"shipping-taxable","12":"purchasable","13":"product-type-simple"},"_links":{"self":[{"href":"https:\/\/tusecretoshop.com\/index.php\/wp-json\/wp\/v2\/product\/2601","targetHints":{"allow":["GET"]}}],"collection":[{"href":"https:\/\/tusecretoshop.com\/index.php\/wp-json\/wp\/v2\/product"}],"about":[{"href":"https:\/\/tusecretoshop.com\/index.php\/wp-json\/wp\/v2\/types\/product"}],"replies":[{"embeddable":true,"href":"https:\/\/tusecretoshop.com\/index.php\/wp-json\/wp\/v2\/comments?post=2601"}],"wp:featuredmedia":[{"embeddable":true,"href":"https:\/\/tusecretoshop.com\/index.php\/wp-json\/wp\/v2\/media\/2602"}],"wp:attachment":[{"href":"https:\/\/tusecretoshop.com\/index.php\/wp-json\/wp\/v2\/media?parent=2601"}],"wp:term":[{"taxonomy":"product_brand","embeddable":true,"href":"https:\/\/tusecretoshop.com\/index.php\/wp-json\/wp\/v2\/product_brand?post=2601"},{"taxonomy":"product_cat","embeddable":true,"href":"https:\/\/tusecretoshop.com\/index.php\/wp-json\/wp\/v2\/product_cat?post=2601"},{"taxonomy":"product_tag","embeddable":true,"href":"https:\/\/tusecretoshop.com\/index.php\/wp-json\/wp\/v2\/product_tag?post=2601"}],"curies":[{"name":"wp","href":"https:\/\/api.w.org\/{rel}","templated":true}]}}